/(-5) is divided by p.
11
Let p(s) = 3*s**3 + s**2 - 3*s + 5. What is the remainder when p(2) is divided by (-1 - -11)*(-6)/(-4)?
12
What is the remainder when 4193/49 - 3/(-7) is divided by 22?
20
Let d(i) = i - 2. Let n be d(-3). Let j be n/((-5)/2)*1. Suppose -z = 4*u - 0*z - 66, j*z = 4*u - 60. What is the remainder when u is divided by 9?
7
Let v(f) = 4*f**2 + 6*f - 8. Let s(t) = 5*t**2 + 5*t - 7. Let u(i) = -5*s(i) + 6*v(i). What is the remainder when u(6) is divided by 10?
7
Suppose -k = 5*z - 110, -5*k + 2*z + 370 = -72. Calculate the remainder when k is divided by 31.
28
Let q(g) = 2*g - 7. Let c be q(6). Let p(w) = -w**2 - 5*w + w + 2*w**2 + 1 - 2. What is the remainder when p(c) is divided by 3?
1
Let b(o) = -2*o + 29. Let p(c) = -2*c + 16. Let f be p(8). Calculate the remainder when b(f) is divided by 16.
13
Let w = 19 + -27. Let k(m) = -m**2 - 10*m - 11. Let h be k(w). Suppose h*r = 5*i + 140, 10 = -7*i + 2*i. What is the remainder when r is divided by 14?
12
Suppose 0 = -4*g + 5 - 17. What is the remainder when 42 is divided by (g/(-4))/((-2)/(-40))?
12
Let a(h) = h - 6. Let g be a(6). Let f(v) = -31*v**3 - v**2 - v. What is the remainder when f(-1) is divided by 1/(1/(g + 16))?
15
Let o be 3*(1 - (-2)/(-3)). Let z(k) = 2*k + 31. Calculate the remainder when 26 + (3 - o)/(-2) is divided by z(-11).
7
Let l = 113 + -97. What is the remainder when 41 is divided by l?
9
Suppose -3 - 6 = -i - 2*x, 3*x + 24 = i. Calculate the remainder when ((-130)/i)/(4/(-6)) is divided by 8.
5
Let p = -16 - -25. Calculate the remainder when (6/4)/((-9)/(-96)) is divided by p.
7
Suppose -3*y - 9 = -24. Calculate the remainder when 2/((-8)/(-6))*12 is divided by y.
3
Suppose 9*k - 88 = 5*k. What is the remainder when k is divided by 5?
2
Let n(l) = 12*l + 2. What is the remainder when n(4) is divided by 26?
24
Let h be 3 - 3/((-9)/(-147)). Let s(c) = c**3 + 4*c**2 + c - 3. Calculate the remainder when h/(-12) + 4/24 is divided by s(-3).
1
Let f(u) = -5*u - 2*u - 3 + 10*u**2 - u - u**3. What is the remainder when f(9) is divided by 3?
0
Let d(j) = -62*j + 13. Calculate the remainder when d(-3) is divided by 50.
49
Suppose -5*y + 122 = -3*y. What is the remainder when y is divided by 21?
19
Let k(g) = -g**3 - 7*g**2 + 7*g + 21. Calculate the remainder when k(-9) is divided by 31.
27
Suppose 0 = -2*o + 3*n - 2*n + 12, 2*o = 2*n + 10. Let x = 11 - 6. Suppose -d = x*p - 2, -d - o = -3*p - p. What is the remainder when 1 is divided by p?
0
Suppose -3*n + 357 = 3. Calculate the remainder when n is divided by 40.
38
Suppose 5 + 1 = l. Let r(u) = -u + 8. Calculate the remainder when r(l) is divided by 1.
0
Let f = 8 + -6. Suppose 4*z - f*z - 292 = -3*m, z - 96 = -m. What is the remainder when (m/(-6))/(1/(-3)) is divided by 26?
24
Suppose -3*o - 21 = -126. Let c(w) = w**3 + 5*w**2 - 5*w - 6. Let t be c(-6). Let h = o - t. Calculate the remainder when h is divided by 16.
15
Let y be (-11)/(-4) - (-4)/16. Suppose c = -y*b + 2 + 3, -4*b = -3*c + 2. Suppose -c*m = -m - 32. Calculate the remainder when m is divided by 17.
15
Suppose m = -0*m + 2. Suppose 3*x = 2*w + 2*x, -m*x = w + 10. What is the remainder when 196/w*1/(-2) is divided by 17?
15
Let t be (-6)/8 - 90/(-24). Let x(y) = y**3 - 7*y**2 - 7*y + 2. What is the remainder when t/1 - (1 - 17) is divided by x(8)?
9
Let n(y) = 10*y + 5. Calculate the remainder when n(1) is divided by 6.
3
Let w(i) = i**2 - i. Let z = 2 + 0. Let u = 2 + z. Calculate the remainder when 22 is divided by w(u).
10
Let v = -1 - -6. Suppose -m - 6 = -13. What is the remainder when m is divided by v?
2
Let p(l) = 1 - 3*l - l + 2*l**2 + l**2 - 4*l. What is the remainder when p(6) is divided by 21?
19
Let y = 46 + -32. Suppose -5*f - 2*i = -9, -5*i = 4*f - 0*i - y. Let q = 4 - 3. Calculate the remainder when q is divided by f.
0
Suppose 20 = 3*q + 2*h - 12, 0 = 5*q + h - 51. Let u = q - 7. Suppose -91 = -u*d + 2*i, 3*d + 4*i + 18 = 115. Calculate the remainder when d is divided by 16.
15
Suppose 6*a - 148 = 4*a. Calculate the remainder when a is divided by 19.
17
Let k = 175 - 120. What is the remainder when k is divided by 8?
7
Suppose 3*r = 6*r + 78. Let h = 60 + r. Calculate the remainder when h is divided by 2/10 + (-178)/(-10).
16
Suppose -k + 27 = 3*v + 2*k, 2*k = -v + 9. What is the remainder when 12 is divided by v?
3
Let v(o) = 35*o**2 - 2*o - 1. Let s be v(-1). Suppose 4*p - b - 32 = 3*b, 0 = -4*p + 3*b + s. What is the remainder when 22 is divided by p?
10
Let o(d) be the second derivative of d**5/2 - d**3/6 - d. What is the remainder when o(1) is divided by 5?
4
Suppose 470 = u + 9*u. Let b(v) = v**3 + 7*v**2 + 8*v + 6. Calculate the remainder when u is divided by b(-5).
15
Let h(n) = n**3 - 7*n**2 + n - 3. Let w be h(7). Suppose w*l = 87 + 25. Let s = 30 + -15. What is the remainder when l is divided by s?
13
Let r = -62 + 25. Let x = r - -75. What is the remainder when x is divided by 20?
18
Calculate the remainder when 60 is divided by (-14)/(0 - (-6)/(-9)).
18
Suppose -i - 16 = 5*x, -x = -5*i - 4*x + 30. What is the remainder when 69 is divided by i?
6
Suppose 0 = t + 4 - 7. Let r be 6 + (-3 - 1/(-1)). What is the remainder when 6 + r/(0 - 2) is divided by t?
1
Let u = 183 - 117. Suppose -u = -3*x - 3*g, 0 = -x - g - 4*g + 6. Calculate the remainder when x is divided by (-4)/14 + 195/21.
8
Let x(g) = 4*g - 2. Let s(d) = -d**3 + 4*d**2 + 2*d - 5. Let k be s(4). Suppose k*w = 2*w + 3. What is the remainder when 28 is divided by x(w)?
8
Suppose 0 = v + 91 - 7. Let s(x) = x**3 + 11*x**2 + 11*x + 13. Let i be s(-10). Calculate the remainder when v/i*1/(-1) is divided by 15.
13
Let z = -4 + 3. Let t(x) = -11*x**3 - x**2 - x - 1. Let y be t(z). Suppose 3 = 3*r, 2*d - 2*r = 2*r + y. Calculate the remainder when d is divided by 4.
3
Let f(h) = h**2 + 2*h - 4. Let i be f(-4). Suppose 0*a = i*b + a - 20, -4*a = -4*b. Calculate the remainder when 11 is divided by b.
3
Suppose -b = -3*b + 3*n + 8, 4*b = 4*n + 8. Calculate the remainder when 21 is divided by 13 - 2 - (b - -5).
5
Suppose 19*x - 24*x + 50 = 0. What is the remainder when 47 is divided by x?
7
Let v = -3 - -7. Suppose -3*l + v = -5*l. What is the remainder when ((-94)/(-3))/(l/(-3)) is divided by 16?
15
Let p(f) = 3*f**2 - f - f**3 - 4 - 2*f + 3*f**2. Let w = -66 - -112. What is the remainder when w is divided by p(4)?
14
Suppose -13 = 2*o - 43. What is the remainder when 2/(-4 - 89/(-22)) is divided by o?
14
Suppose 2*x - 68 = -4*y, 4*y + x - 20 - 44 = 0. Calculate the remainder when 57 is divided by y.
12
Let y(g) = -g**3 + 3*g**2 + 2*g - 1. Let x be y(-2). Suppose -8*d + 7*d = -x. Calculate the remainder when 58 is divided by d.
13
Let f(p) = -p**2 + 13*p - 16. What is the remainder when 22 is divided by f(11)?
4
Suppose 36 = s + 4. Let j = -13 - -35. Suppose 2*m = -0*m + j. Calculate the remainder when s is divided by m.
10
Let g = -6 + 3. Let x be 6 - (g + 5) - -1. Let q = x - 3. Calculate the remainder when 4 is divided by q.
0
Suppose 5*p - 21 = 2*p. What is the remainder when 34 is divided by p?
6
Suppose 4*j = -j + 40. Let t = -2 + j. What is the remainder when 22 is divided by t?
4
Let u = -111 - -205. Calculate the remainder when u is divided by 19.
18
Suppose -2*t = t - 309. Calculate the remainder when t is divided by 26.
25
Suppose 0 = -2*p + 4*p - 14. Calculate the remainder when (1/1 - 43 - 2)/(-2) is divided by (-108)/(-14) - (-2)/p.
6
Let f be (18/(-30))/((-2)/(-10)). Let q be ((-5)/4)/(f/(-36)). Calculate the remainder when 49 is divided by 1 - (q + 6/2).
10
Suppose 0 = -7*s + 113 - 8. Calculate the remainder when s is divided by 5.
0
Suppose 4*x - j + 4*j = 23, -2*j - 3 = -x. Suppose x*y - 3*g = 0, 0 = -5*y - 0*y - 2*g. Suppose 2*m - 16 = -y*m. What is the remainder when 30 is divided by m?
6
Let j(n) = 3*n**3 - n**2 + n + 1. Let s be j(-1). Let d = s + 1. What is the remainder when (-4 - d)/((-2)/14) is divided by 4?
3
Suppose 0 = -4*a + 2*m + 188, a = 4*a + 3*m - 150. Let b = a + -30. Calculate the remainder when 53 is divided by b.
17
Let l = 6 - 6. Suppose 4*q - 19 - 21 = l. What is the remainder when 29 is divided by q?
9
Let m(w) = 2*w**2 - 3*w - 1. What is the remainder when 76 is divided by m(-3)?
24
Let v = 13 + -18. Calculate the remainde